{"id":8795,"date":"2024-10-09T17:14:05","date_gmt":"2024-10-09T17:14:05","guid":{"rendered":"https:\/\/curriculum.nbed.ca\/?page_id=8795"},"modified":"2025-09-05T20:02:40","modified_gmt":"2025-09-05T20:02:40","slug":"francais-langue-seconde","status":"publish","type":"page","link":"https:\/\/curriculum.nbed.ca\/fr\/domaines-dapprentissage\/elementaire\/francais-langue-seconde\/","title":{"rendered":"Fran\u00e7ais langue seconde"},"content":{"rendered":"<div class=\"g-container\">\n<h2 class=\"wp-block-heading\">Programmes d&rsquo;\u00e9tudes<\/h2>\n<\/div>\n\n<div class=\"g-container\">\n<p><strong>Immersion fran\u00e7aise :<\/strong> L&rsquo;art du langage en immersion fran\u00e7ais<strong> <\/strong>(point d&rsquo;entr\u00e9e en 1re ann\u00e9e) est sp\u00e9cialement con\u00e7u pour les apprenants inscrits au programme d&rsquo;immersion pr\u00e9coce. <\/p>\n<\/div>\n\n<div class=\"g-container\">\n<p><a href=\"https:\/\/curriculum.nbed.ca\/fr\/domaines-dapprentissage\/elementaire\/francais-langue-seconde\/art-du-langage-en-immersion-francaise\/\">\u2794 Art du language en immersion fran\u00e7aise (point d&rsquo;entr\u00e9e 1re ann\u00e9e)<\/a><\/p>\n<\/div>\n\n<div class=\"g-container\">\n<p><strong>Fran\u00e7ais intensif<\/strong> : Les cours du fran\u00e7ais intensif pour les apprenants de 4e et 5e ann\u00e9es non-immersion sont ax\u00e9s sur l&rsquo;acquisition authentique de la langue.<\/p>\n<\/div>\n\n<div class=\"g-container\">\n<p>\u2794 <a href=\"http:\/\/Fran\u00e7ais langue seconde\">F<\/a><a href=\"https:\/\/curriculum.nbed.ca\/fr\/domaines-dapprentissage\/elementaire\/francais-langue-seconde\/francais-intensif\/\">ran\u00e7ais intensif<\/a><\/p>\n<\/div>\n\n<div class=\"g-container\">\n<h2 class=\"wp-block-heading\">Autres ressources<\/h2>\n<\/div>\n\n<div class=\"g-container\">\n<p><strong>FLORA : <\/strong>Les ressources French Learning Opportunities in Rural Areas (les opportunit\u00e9s d&rsquo;apprentissage du fran\u00e7ais dans les r\u00e9gions rurales), ou FLORA, propose des ressources suppl\u00e9mentaires pour am\u00e9liorer l&rsquo;apprentissage du fran\u00e7ais.&nbsp;<\/p>\n<\/div>\n\n<div class=\"g-container\">\n<p>\u2794 <a href=\"https:\/\/nbed.sharepoint.com\/sites\/InDevelopment\/FSL\/Forms\/AllItems.aspx?id=%2Fsites%2FInDevelopment%2FFSL%2FCompanion%20Guides%2FFLORA%5FCompanionElementary%5FCompDoc%5F20240823%5Fv0%2E6%5FFinal%5F2028%2Epdf&amp;parent=%2Fsites%2FInDevelopment%2FFSL%2FCompanion%20Guides\">FLORA (Document d&rsquo;accompagnement)<\/a><\/p>\n<\/div>\n\n<div class=\"g-container\">\n<p><strong>FSL Central:<\/strong> Une \u00e9quipe Microsoft pour les ressources en FLS, les documents essentiels, les occasions d\u2019apprentissage, les annonces et les \u00e9changes p\u00e9dagogiques.<\/p>\n<\/div>\n\n<div class=\"g-container\">\n<ul class=\"wp-block-list\">\n<li><a href=\"https:\/\/teams.microsoft.com\/l\/team\/19%3A3c69308c90c54927bd3bc6fef2f8e587%40thread.tacv2\/conversations?groupId=f1bad269-58a4-43ee-8c6f-13721b11cd25&amp;tenantId=4d2b5fdf-c4d2-4911-8709-68cc2f465c9f\">FSL Central<\/a><\/li>\n<\/ul>\n<\/div>\n\n<div class=\"g-container\">\n<p><strong>PL Hub:<\/strong> Des occasions de perfectionnement professionnel et des ressources offertes par les districts scolaires anglophones, le NBTA, l\u2019AEI, le MEDPE et d\u2019autres partenaires en \u00e9ducation.<\/p>\n<\/div>\n\n<div class=\"g-container\">\n<ul class=\"wp-block-list\">\n<li><a href=\"https:\/\/plhub.nbed.ca\/curriculum-learning-areas\/?dfg_page=1&amp;dfg_filter=232\" target=\"_blank\" rel=\"noreferrer noopener\">Fran\u00e7ais langue seconde<\/a><\/li>\n<\/ul>\n<\/div>\n\n<div class=\"g-container\">\n<p><\/p>\n<\/div>","protected":false},"excerpt":{"rendered":"<p>Programmes d&rsquo;\u00e9tudes Immersion fran\u00e7aise : L&rsquo;art du langage en immersion fran\u00e7ais (point d&rsquo;entr\u00e9e en 1re ann\u00e9e) est sp\u00e9cialement con\u00e7u pour les apprenants inscrits au programme d&rsquo;immersion pr\u00e9coce. \u2794 Art du language en immersion fran\u00e7aise (point d&rsquo;entr\u00e9e 1re ann\u00e9e) Fran\u00e7ais intensif : Les cours du fran\u00e7ais intensif pour les apprenants de 4e et 5e ann\u00e9es non-immersion [&hellip;]<\/p>\n","protected":false},"author":6,"featured_media":0,"parent":1249,"menu_order":0,"comment_status":"closed","ping_status":"closed","template":"pages\/template-subject.php","meta":{"_acf_changed":false,"footnotes":""},"class_list":["post-8795","page","type-page","status-publish","hentry"],"acf":[],"_links":{"self":[{"href":"https:\/\/curriculum.nbed.ca\/fr\/wp-json\/wp\/v2\/pages\/8795","targetHints":{"allow":["GET"]}}],"collection":[{"href":"https:\/\/curriculum.nbed.ca\/fr\/wp-json\/wp\/v2\/pages"}],"about":[{"href":"https:\/\/curriculum.nbed.ca\/fr\/wp-json\/wp\/v2\/types\/page"}],"author":[{"embeddable":true,"href":"https:\/\/curriculum.nbed.ca\/fr\/wp-json\/wp\/v2\/users\/6"}],"replies":[{"embeddable":true,"href":"https:\/\/curriculum.nbed.ca\/fr\/wp-json\/wp\/v2\/comments?post=8795"}],"version-history":[{"count":19,"href":"https:\/\/curriculum.nbed.ca\/fr\/wp-json\/wp\/v2\/pages\/8795\/revisions"}],"predecessor-version":[{"id":10851,"href":"https:\/\/curriculum.nbed.ca\/fr\/wp-json\/wp\/v2\/pages\/8795\/revisions\/10851"}],"up":[{"embeddable":true,"href":"https:\/\/curriculum.nbed.ca\/fr\/wp-json\/wp\/v2\/pages\/1249"}],"wp:attachment":[{"href":"https:\/\/curriculum.nbed.ca\/fr\/wp-json\/wp\/v2\/media?parent=8795"}],"curies":[{"name":"wp","href":"https:\/\/api.w.org\/{rel}","templated":true}]}}

Français langue seconde

<div class="g-container">
<h2 class="wp-block-heading">Programmes d&rsquo;études</h2>
</div>

<div class="g-container">
<p><strong>Immersion française :</strong> L&rsquo;art du langage en immersion français<strong> </strong>(point d&rsquo;entrée en 1re année) est spécialement conçu pour les apprenants inscrits au programme d&rsquo;immersion précoce. </p>
</div>

<div class="g-container">
<p><a href="https://curriculum.nbed.ca/fr/domaines-dapprentissage/elementaire/francais-langue-seconde/art-du-langage-en-immersion-francaise/">➔ Art du language en immersion française (point d&rsquo;entrée 1re année)</a></p>
</div>

<div class="g-container">
<p><strong>Français intensif</strong> : Les cours du français intensif pour les apprenants de 4e et 5e années non-immersion sont axés sur l&rsquo;acquisition authentique de la langue.</p>
</div>

<div class="g-container">
<p>➔ <a href="http://Français langue seconde">F</a><a href="https://curriculum.nbed.ca/fr/domaines-dapprentissage/elementaire/francais-langue-seconde/francais-intensif/">rançais intensif</a></p>
</div>

<div class="g-container">
<h2 class="wp-block-heading">Autres ressources</h2>
</div>

<div class="g-container">
<p><strong>FLORA : </strong>Les ressources French Learning Opportunities in Rural Areas (les opportunités d&rsquo;apprentissage du français dans les régions rurales), ou FLORA, propose des ressources supplémentaires pour améliorer l&rsquo;apprentissage du français.&nbsp;</p>
</div>

<div class="g-container">
<p>➔ <a href="https://nbed.sharepoint.com/sites/InDevelopment/FSL/Forms/AllItems.aspx?id=%2Fsites%2FInDevelopment%2FFSL%2FCompanion%20Guides%2FFLORA%5FCompanionElementary%5FCompDoc%5F20240823%5Fv0%2E6%5FFinal%5F2028%2Epdf&amp;parent=%2Fsites%2FInDevelopment%2FFSL%2FCompanion%20Guides">FLORA (Document d&rsquo;accompagnement)</a></p>
</div>

<div class="g-container">
<p><strong>FSL Central:</strong> Une équipe Microsoft pour les ressources en FLS, les documents essentiels, les occasions d’apprentissage, les annonces et les échanges pédagogiques.</p>
</div>

<div class="g-container">
<ul class="wp-block-list">
<li><a href="https://teams.microsoft.com/l/team/19%3A3c69308c90c54927bd3bc6fef2f8e587%40thread.tacv2/conversations?groupId=f1bad269-58a4-43ee-8c6f-13721b11cd25&amp;tenantId=4d2b5fdf-c4d2-4911-8709-68cc2f465c9f">FSL Central</a></li>
</ul>
</div>

<div class="g-container">
<p><strong>PL Hub:</strong> Des occasions de perfectionnement professionnel et des ressources offertes par les districts scolaires anglophones, le NBTA, l’AEI, le MEDPE et d’autres partenaires en éducation.</p>
</div>

<div class="g-container">
<ul class="wp-block-list">
<li><a href="https://plhub.nbed.ca/curriculum-learning-areas/?dfg_page=1&amp;dfg_filter=232" target="_blank" rel="noreferrer noopener">Français langue seconde</a></li>
</ul>
</div>

<div class="g-container">
<p></p>
</div>

<p>Programmes d&rsquo;études Immersion française : L&rsquo;art du langage en immersion français (point d&rsquo;entrée en 1re année) est spécialement conçu pour les apprenants inscrits au programme d&rsquo;immersion précoce. ➔ Art du language en immersion française (point d&rsquo;entrée 1re année) Français intensif : Les cours du français intensif pour les apprenants de 4e et 5e années non-immersion [&hellip;]</p>
