{"id":4384,"date":"2023-05-17T18:46:22","date_gmt":"2023-05-17T18:46:22","guid":{"rendered":"https:\/\/curriculum.nbed.ca\/?page_id=4384"},"modified":"2025-09-08T11:56:16","modified_gmt":"2025-09-08T11:56:16","slug":"lapprentissage-professionnel-et-lie-a-la-carriere","status":"publish","type":"page","link":"https:\/\/curriculum.nbed.ca\/fr\/domaines-dapprentissage\/secondaire\/apprentissage-lie-a-la-carriere\/lapprentissage-professionnel-et-lie-a-la-carriere\/","title":{"rendered":"Sous-groupe &#8211; L\u2019apprentissage professionnel et li\u00e9 \u00e0 la carri\u00e8re"},"content":{"rendered":"<div class=\"g-container\">\n<p><strong>L\u2019apprentissage professionnel et li\u00e9 \u00e0 la carri\u00e8re<\/strong> pr\u00e9pare les apprenants \u00e0 d\u00e9velopper une vision \u00e9clair\u00e9e de l\u2019avenir li\u00e9e \u00e0 leurs int\u00e9r\u00eats, pr\u00e9f\u00e9rences, valeurs et aptitudes; \u00e0 \u00e9tudier de mani\u00e8re critique le march\u00e9 du travail et les parcours professionnels qu\u2019ils pensent trouver les plus satisfaisants; et \u00e0 s\u2019informer sur les parcours professionnels qui les int\u00e9ressent en s\u2019engageant dans un apprentissage exp\u00e9rientiel continu et fr\u00e9quent li\u00e9 \u00e0 la carri\u00e8re.<\/p>\n<\/div>\n\n<div class=\"g-container\">\n<p class=\"has-white-color has-text-color has-background has-link-color wp-elements-fbde66af71bc0acbcd122401cda88a11\" style=\"background:linear-gradient(135deg,rgb(1,105,96) 0%,rgb(255,255,255) 100%)\"><strong>Pour les \u00e9ducateurs.trices :<\/strong><\/p>\n<\/div>\n\n<div class=\"g-container\">\n<div class=\"wp-block-columns is-layout-flex wp-container-core-columns-is-layout-9d6595d7 wp-block-columns-is-layout-flex\">\n<div class=\"wp-block-column is-layout-flow wp-block-column-is-layout-flow\"><div class=\"g-container\">\n<ul class=\"wp-block-list\">\n<li>Ressources : <a href=\"https:\/\/www.stepupyoursafety.com\/nbteach\/\" target=\"_blank\" rel=\"noreferrer noopener\">La s\u00e9curit\u00e9 un pas \u00e0 la fois<\/a><\/li>\n<\/ul>\n<\/div><\/div>\n\n\n\n<div class=\"wp-block-column is-layout-flow wp-block-column-is-layout-flow\"><\/div>\n<\/div>\n<\/div>\n\n<div class=\"g-container\">\n<h2 class=\"wp-block-heading has-medium-font-size\">Options de cours<\/h2>\n<\/div>\n\n<div class=\"g-container\">\n<p><strong>Carri\u00e8re \u2013 4 heures-cr\u00e9dits au minimum :<\/strong> Conception d&rsquo;un parcours professionnel (IF\/FLS), Coop\u00e9ration 120 (FSL); Objectifs, croissance et courage : Les comp\u00e9tences pour r\u00e9ussir 120, Pr\u00e9apprentissage 1, 2 et 3 (cours d\u2019\u00e9t\u00e9 seulement)<em>Remarque : Le cours D\u00e9veloppement personnel et planification de carri\u00e8re 10 peut \u00eatre utilis\u00e9 sur demande sp\u00e9ciale au cours de l\u2019ann\u00e9e scolaire 2023-2024.<\/em><\/p>\n<\/div>\n\n<div class=\"g-container\">\n<p><strong>Professionnel \u2013 4 heures-cr\u00e9dits minimum : <\/strong>Organisation et gestion des entreprises 120; Services \u00e0 la petite enfance 110 et\/ou 120; Entrepreneuriat 110 (IF\/FLS), Technologie et conception de la mode 110\/120*, Logement et conception 120; H\u00f4tellerie et tourisme 110, Introduction \u00e0 la comptabilit\u00e9 120, Marketing 110, Perfectionnement et leadership 110<\/p>\n<\/div>\n\n<div class=\"g-container\">\n<p><em>*Les cours marqu\u00e9s d&rsquo;un ast\u00e9risque ne peuvent \u00eatre utilis\u00e9s pour satisfaire aux exigences que d&rsquo;un seul groupe de cours.<\/em><\/p>\n<\/div>","protected":false},"excerpt":{"rendered":"<p>L\u2019apprentissage professionnel et li\u00e9 \u00e0 la carri\u00e8re pr\u00e9pare les apprenants \u00e0 d\u00e9velopper une vision \u00e9clair\u00e9e de l\u2019avenir li\u00e9e \u00e0 leurs int\u00e9r\u00eats, pr\u00e9f\u00e9rences, valeurs et aptitudes; \u00e0 \u00e9tudier de mani\u00e8re critique le march\u00e9 du travail et les parcours professionnels qu\u2019ils pensent trouver les plus satisfaisants; et \u00e0 s\u2019informer sur les parcours professionnels qui les int\u00e9ressent en [&hellip;]<\/p>\n","protected":false},"author":8,"featured_media":0,"parent":1852,"menu_order":0,"comment_status":"closed","ping_status":"closed","template":"pages\/template-subject.php","meta":{"_acf_changed":false,"footnotes":""},"class_list":["post-4384","page","type-page","status-publish","hentry"],"acf":[],"_links":{"self":[{"href":"https:\/\/curriculum.nbed.ca\/fr\/wp-json\/wp\/v2\/pages\/4384","targetHints":{"allow":["GET"]}}],"collection":[{"href":"https:\/\/curriculum.nbed.ca\/fr\/wp-json\/wp\/v2\/pages"}],"about":[{"href":"https:\/\/curriculum.nbed.ca\/fr\/wp-json\/wp\/v2\/types\/page"}],"author":[{"embeddable":true,"href":"https:\/\/curriculum.nbed.ca\/fr\/wp-json\/wp\/v2\/users\/8"}],"replies":[{"embeddable":true,"href":"https:\/\/curriculum.nbed.ca\/fr\/wp-json\/wp\/v2\/comments?post=4384"}],"version-history":[{"count":12,"href":"https:\/\/curriculum.nbed.ca\/fr\/wp-json\/wp\/v2\/pages\/4384\/revisions"}],"predecessor-version":[{"id":10855,"href":"https:\/\/curriculum.nbed.ca\/fr\/wp-json\/wp\/v2\/pages\/4384\/revisions\/10855"}],"up":[{"embeddable":true,"href":"https:\/\/curriculum.nbed.ca\/fr\/wp-json\/wp\/v2\/pages\/1852"}],"wp:attachment":[{"href":"https:\/\/curriculum.nbed.ca\/fr\/wp-json\/wp\/v2\/media?parent=4384"}],"curies":[{"name":"wp","href":"https:\/\/api.w.org\/{rel}","templated":true}]}}

Sous-groupe &#8211; L’apprentissage professionnel et lié à la carrière

<div class="g-container">
<p><strong>L’apprentissage professionnel et lié à la carrière</strong> prépare les apprenants à développer une vision éclairée de l’avenir liée à leurs intérêts, préférences, valeurs et aptitudes; à étudier de manière critique le marché du travail et les parcours professionnels qu’ils pensent trouver les plus satisfaisants; et à s’informer sur les parcours professionnels qui les intéressent en s’engageant dans un apprentissage expérientiel continu et fréquent lié à la carrière.</p>
</div>

<div class="g-container">
<p class="has-white-color has-text-color has-background has-link-color wp-elements-fbde66af71bc0acbcd122401cda88a11" style="background:linear-gradient(135deg,rgb(1,105,96) 0%,rgb(255,255,255) 100%)"><strong>Pour les éducateurs.trices :</strong></p>
</div>

<div class="g-container">
<div class="wp-block-columns is-layout-flex wp-container-core-columns-is-layout-9d6595d7 wp-block-columns-is-layout-flex">
<div class="wp-block-column is-layout-flow wp-block-column-is-layout-flow"><div class="g-container">
<ul class="wp-block-list">
<li>Ressources : <a href="https://www.stepupyoursafety.com/nbteach/" target="_blank" rel="noreferrer noopener">La sécurité un pas à la fois</a></li>
</ul>
</div></div>



<div class="wp-block-column is-layout-flow wp-block-column-is-layout-flow"></div>
</div>
</div>

<div class="g-container">
<h2 class="wp-block-heading has-medium-font-size">Options de cours</h2>
</div>

<div class="g-container">
<p><strong>Carrière – 4 heures-crédits au minimum :</strong> Conception d&rsquo;un parcours professionnel (IF/FLS), Coopération 120 (FSL); Objectifs, croissance et courage : Les compétences pour réussir 120, Préapprentissage 1, 2 et 3 (cours d’été seulement)<em>Remarque : Le cours Développement personnel et planification de carrière 10 peut être utilisé sur demande spéciale au cours de l’année scolaire 2023-2024.</em></p>
</div>

<div class="g-container">
<p><strong>Professionnel – 4 heures-crédits minimum : </strong>Organisation et gestion des entreprises 120; Services à la petite enfance 110 et/ou 120; Entrepreneuriat 110 (IF/FLS), Technologie et conception de la mode 110/120*, Logement et conception 120; Hôtellerie et tourisme 110, Introduction à la comptabilité 120, Marketing 110, Perfectionnement et leadership 110</p>
</div>

<div class="g-container">
<p><em>*Les cours marqués d&rsquo;un astérisque ne peuvent être utilisés pour satisfaire aux exigences que d&rsquo;un seul groupe de cours.</em></p>
</div>

<p>L’apprentissage professionnel et lié à la carrière prépare les apprenants à développer une vision éclairée de l’avenir liée à leurs intérêts, préférences, valeurs et aptitudes; à étudier de manière critique le marché du travail et les parcours professionnels qu’ils pensent trouver les plus satisfaisants; et à s’informer sur les parcours professionnels qui les intéressent en [&hellip;]</p>
