{"id":2947,"date":"2023-04-25T13:57:44","date_gmt":"2023-04-25T13:57:44","guid":{"rendered":"https:\/\/curriculum.nbed.ca\/cadre-du-programme-detudes\/approches-pedagogiques\/safe-and-positive-spaces-for-learning\/"},"modified":"2026-01-05T19:56:02","modified_gmt":"2026-01-05T19:56:02","slug":"espaces-dapprentissage-surs-et-positifs","status":"publish","type":"page","link":"https:\/\/curriculum.nbed.ca\/fr\/cadre-du-programme-detudes\/espaces-dapprentissage-surs-et-positifs\/","title":{"rendered":"Espaces d\u2019apprentissage s\u00fbrs et positifs"},"content":{"rendered":"<div class=\"g-container\">\n<div class=\"wp-block-columns block-framework cf-style-2 is-layout-flex wp-container-core-columns-is-layout-9d6595d7 wp-block-columns-is-layout-flex\">\n<div class=\"wp-block-column is-layout-flow wp-block-column-is-layout-flow\"><div class=\"g-container\">\n<div class=\"wp-block-columns block-header is-layout-flex wp-container-core-columns-is-layout-9d6595d7 wp-block-columns-is-layout-flex\">\n<div class=\"wp-block-column is-layout-flow wp-block-column-is-layout-flow\"><div class=\"g-container\">\n<h3 class=\"wp-block-heading has-text-align-left\">Espaces d\u2019apprentissage s\u00fbrs et positifs<\/h3>\n<\/div><\/div>\n<\/div>\n<\/div>\n\n<div class=\"g-container\">\n<div class=\"wp-block-columns block-main is-layout-flex wp-container-core-columns-is-layout-9d6595d7 wp-block-columns-is-layout-flex\">\n<div class=\"wp-block-column is-layout-flow wp-block-column-is-layout-flow\"><div class=\"g-container\">\n<div class=\"wp-block-columns is-layout-flex wp-container-core-columns-is-layout-9d6595d7 wp-block-columns-is-layout-flex\">\n<div class=\"wp-block-column is-layout-flow wp-block-column-is-layout-flow\"><div class=\"g-container\">\n<h4 class=\"wp-block-heading\">Aper\u00e7u<\/h4>\n<\/div>\n\n<div class=\"g-container\">\n<p>Les environnements d\u2019apprentissage s\u00fbrs et positifs respectent les multiples fa\u00e7ons de savoir et d\u2019\u00eatre, reconnaissent les proches comme les premiers enseignants de l\u2019apprenant, et sont inclusifs et protecteurs des droits de l\u2019apprenant. La cr\u00e9ation d\u2019environnements d\u2019apprentissage positifs n\u00e9cessite d\u2019honorer les relations d\u00e9coulant des trait\u00e9s, de nourrir le sentiment d\u2019appartenance et de c\u00e9l\u00e9brer les langues parl\u00e9es \u00e0 la maison, les cultures et les identit\u00e9s.<\/p>\n<\/div>\n\n<div class=\"g-container\">\n<h4 class=\"wp-block-heading\">\u00c9l\u00e9ments <\/h4>\n<\/div>\n\n<div class=\"g-container\">\n<p>Les espaces d\u2019apprentissage s\u00fbrs et positifs sont inclusifs et respectueux des droits de la personne. Il faut soutenir la diversit\u00e9 et lutter contre la discrimination (r\u00e9elle ou per\u00e7ue), fond\u00e9e sur la race, la couleur, la religion, l\u2019origine nationale ou ethnique, l\u2019ascendance, le lieu d\u2019origine, le groupe linguistique, le handicap, le sexe, l\u2019orientation sexuelle, l\u2019identit\u00e9 de genre, l\u2019\u00e2ge, la condition sociale ou les croyances ou activit\u00e9s politiques.<\/p>\n<\/div>\n\n<div class=\"g-container\">\n<p>Des milieux d\u2019apprentissage s\u00fbrs et positifs offrent un sentiment de calme et de respect dans tous les espaces li\u00e9s \u00e0 l\u2019\u00e9cole, y compris les terrains de l\u2019\u00e9cole, les autobus scolaires, les \u00e9v\u00e9nements parrain\u00e9s par l\u2019\u00e9cole, les environnements en ligne, et la correspondance \u00e9crite, et chaque fois que l\u2019\u00e9cole est responsable d\u2019un \u00e9l\u00e8ve ou qu\u2019une personne agit en son nom ou repr\u00e9sente l\u2019\u00e9cole.<\/p>\n<\/div>\n\n<div class=\"g-container\">\n<p>Dans des espaces s\u00fbrs et positifs, les \u00e9ducateurs enseignent intentionnellement des programmes qui soutiennent et favorisent un sentiment d\u2019identit\u00e9, de communaut\u00e9 et de bien-\u00eatre. Lorsqu\u2019une personne se sent respect\u00e9e, incluse et \u00e9cout\u00e9e pour ce qu\u2019elle est, elle peut tisser des liens avec les gens et le mat\u00e9riel d\u2019apprentissage, elle sait ce qu\u2019on attend d\u2019elle et elle se sent capable de r\u00e9pondre \u00e0 ces attentes.<\/p>\n<\/div>\n\n<div class=\"g-container\">\n<h4 class=\"wp-block-heading\">Strat\u00e9gies<\/h4>\n<\/div>\n\n<div class=\"g-container\">\n<p>Pour cr\u00e9er des espaces d\u2019apprentissage s\u00fbrs et positifs&nbsp;:<\/p>\n<\/div>\n\n<div class=\"g-container\">\n<ul class=\"wp-block-list\">\n<li>Priorisez l\u2019\u00e9quit\u00e9 en cr\u00e9ant des environnements et des attentes qui soutiennent tous les \u00e9l\u00e8ves, les familles et les enseignants.<\/li>\n\n\n\n<li>Accueillez les apprenants chaque jour de fa\u00e7on positive \u00e0 l\u2019entr\u00e9e.<\/li>\n\n\n\n<li>Suivez la r\u00e8gle du \u00ab&nbsp;5 pour 1&nbsp;\u00bb&nbsp;: 5 compliments pr\u00e9cis pour chaque \u00e9nonc\u00e9 correctif.<\/li>\n\n\n\n<li>Enseignez explicitement les attentes comportementales, offrez une r\u00e9troaction pr\u00e9cise et mettez r\u00e9guli\u00e8rement les proc\u00e9dures en application.<\/li>\n\n\n\n<li>Utilisez des approches formelles et informelles pour apprendre \u00e0 conna\u00eetre les apprenants et conna\u00eetre leurs ant\u00e9c\u00e9dents d\u2019apprentissage, leur identit\u00e9 culturelle et leurs int\u00e9r\u00eats.<\/li>\n\n\n\n<li>Am\u00e9nagez la salle de classe de fa\u00e7on \u00e0 faciliter l\u2019activit\u00e9 d\u2019enseignement la plus typique.<\/li>\n\n\n\n<li>Cr\u00e9ez r\u00e9guli\u00e8rement des occasions d\u2019\u00e9tablir des liens positifs et de communiquer avec le personnel, les apprenants et leurs familles.<\/li>\n\n\n\n<li>\u00c9tablissez un horaire pr\u00e9visible avec des routines coh\u00e9rentes et des limites clairement d\u00e9finies qui repr\u00e9sentent les dispositions.<\/li>\n\n\n\n<li>Cr\u00e9er conjointement avec les apprenants des attentes claires en mati\u00e8re de comportement en classe et dans d\u2019autres milieux scolaires.<\/li>\n<\/ul>\n<\/div>\n\n<div class=\"g-container\">\n<h4 class=\"wp-block-heading\">Ressources <\/h4>\n<\/div>\n\n<div class=\"g-container\">\n<ul class=\"wp-block-list\">\n<li><a href=\"https:\/\/www2.gnb.ca\/content\/dam\/gnb\/Departments\/ed\/pdf\/K12\/policies-politiques\/f\/703F.pdf\">Politique&nbsp;703&nbsp;: Milieu propice \u00e0 l\u2019apprentissage et au travail<\/a><\/li>\n\n\n\n<li><a href=\"https:\/\/www.youtube.com\/watch?v=7wm07ilDvMY\">Growing Together: Integrated Solutions for Creating Inclusive Schools in New Brunswick<\/a> (en anglais)<\/li>\n\n\n\n<li><a href=\"https:\/\/www.gnb.ca\/content\/dam\/GNB3\/org\/eecd-edpe\/doc\/positive-behaviour-interventions-and-supports.pdf\">Positive Behaviour Interventions and Supports Implementation Guide<\/a> (en anglais)<\/li>\n\n\n\n<li><a href=\"https:\/\/www.neilsquire.ca\/\">Neil Squire Society<\/a> (en anglais)<\/li>\n\n\n\n<li><a href=\"https:\/\/www2.gnb.ca\/content\/dam\/gnb\/Departments\/ed\/pdf\/K12\/curric\/English-AdditionalLanguage\/TEALinNB-Guide.pdf\">Teaching English as an Additional Language in New Brunswick<\/a> (en anglais)<\/li>\n\n\n\n<li><a href=\"https:\/\/can01.safelinks.protection.outlook.com\/?url=https%3A%2F%2Fyoutu.be%2FMwM7kYUGUzA&amp;data=05%7C01%7CKate.Charette%40gnb.ca%7C9a557f2a844844f0019608db0ea2149a%7Ce08b7eefb5014a679ed007e38bfccee7%7C0%7C0%7C638119862140406096%7CUnknown%7CTWFpbGZsb3d8eyJWIjoiMC4wLjAwMDAiLCJQIjoiV2luMzIiLCJBTiI6Ik1haWwiLCJXVCI6Mn0%3D%7C3000%7C%7C%7C&amp;sdata=yrX2MybqnrUTAjL4FnKVL7uuh42idJm3YIgI0r4%2FSDI%3D&amp;reserved=0\">Competencies for Teaching in Multicultural Classrooms<\/a> (en anglais)<\/li>\n\n\n\n<li><a href=\"https:\/\/cmha.ca\/fr\/\">Association canadienne pour la sant\u00e9 mentale<\/a><\/li>\n\n\n\n<li><a href=\"https:\/\/world-of-wisdom.ca\/\">World of Wisdom: Fostering Indigenous Perspectives in Learning<\/a> (en anglais)<\/li>\n\n\n\n<li><a href=\"https:\/\/www2.gnb.ca\/content\/gnb\/en\/departments\/education\/k12\/content\/office-of-first-nation-education.html\">Bureau d\u2019\u00e9ducation des Premi\u00e8res Nations<\/a> (en anglais)<\/li>\n<\/ul>\n<\/div><\/div>\n<\/div>\n<\/div><\/div>\n<\/div>\n<\/div><\/div>\n<\/div>\n<\/div>","protected":false},"excerpt":{"rendered":"<p>Espaces d\u2019apprentissage s\u00fbrs et positifs Aper\u00e7u Les environnements d\u2019apprentissage s\u00fbrs et positifs respectent les multiples fa\u00e7ons de savoir et d\u2019\u00eatre, reconnaissent les proches comme les premiers enseignants de l\u2019apprenant, et sont inclusifs et protecteurs des droits de l\u2019apprenant. La cr\u00e9ation d\u2019environnements d\u2019apprentissage positifs n\u00e9cessite d\u2019honorer les relations d\u00e9coulant des trait\u00e9s, de nourrir le sentiment d\u2019appartenance [&hellip;]<\/p>\n","protected":false},"author":6,"featured_media":0,"parent":229,"menu_order":0,"comment_status":"closed","ping_status":"closed","template":"","meta":{"_acf_changed":false,"footnotes":""},"class_list":["post-2947","page","type-page","status-publish","hentry"],"acf":[],"_links":{"self":[{"href":"https:\/\/curriculum.nbed.ca\/fr\/wp-json\/wp\/v2\/pages\/2947","targetHints":{"allow":["GET"]}}],"collection":[{"href":"https:\/\/curriculum.nbed.ca\/fr\/wp-json\/wp\/v2\/pages"}],"about":[{"href":"https:\/\/curriculum.nbed.ca\/fr\/wp-json\/wp\/v2\/types\/page"}],"author":[{"embeddable":true,"href":"https:\/\/curriculum.nbed.ca\/fr\/wp-json\/wp\/v2\/users\/6"}],"replies":[{"embeddable":true,"href":"https:\/\/curriculum.nbed.ca\/fr\/wp-json\/wp\/v2\/comments?post=2947"}],"version-history":[{"count":8,"href":"https:\/\/curriculum.nbed.ca\/fr\/wp-json\/wp\/v2\/pages\/2947\/revisions"}],"predecessor-version":[{"id":11341,"href":"https:\/\/curriculum.nbed.ca\/fr\/wp-json\/wp\/v2\/pages\/2947\/revisions\/11341"}],"up":[{"embeddable":true,"href":"https:\/\/curriculum.nbed.ca\/fr\/wp-json\/wp\/v2\/pages\/229"}],"wp:attachment":[{"href":"https:\/\/curriculum.nbed.ca\/fr\/wp-json\/wp\/v2\/media?parent=2947"}],"curies":[{"name":"wp","href":"https:\/\/api.w.org\/{rel}","templated":true}]}}

Espaces d’apprentissage sûrs et positifs

<div class="g-container">
<div class="wp-block-columns block-framework cf-style-2 is-layout-flex wp-container-core-columns-is-layout-9d6595d7 wp-block-columns-is-layout-flex">
<div class="wp-block-column is-layout-flow wp-block-column-is-layout-flow"><div class="g-container">
<div class="wp-block-columns block-header is-layout-flex wp-container-core-columns-is-layout-9d6595d7 wp-block-columns-is-layout-flex">
<div class="wp-block-column is-layout-flow wp-block-column-is-layout-flow"><div class="g-container">
<h3 class="wp-block-heading has-text-align-left">Espaces d’apprentissage sûrs et positifs</h3>
</div></div>
</div>
</div>

<div class="g-container">
<div class="wp-block-columns block-main is-layout-flex wp-container-core-columns-is-layout-9d6595d7 wp-block-columns-is-layout-flex">
<div class="wp-block-column is-layout-flow wp-block-column-is-layout-flow"><div class="g-container">
<div class="wp-block-columns is-layout-flex wp-container-core-columns-is-layout-9d6595d7 wp-block-columns-is-layout-flex">
<div class="wp-block-column is-layout-flow wp-block-column-is-layout-flow"><div class="g-container">
<h4 class="wp-block-heading">Aperçu</h4>
</div>

<div class="g-container">
<p>Les environnements d’apprentissage sûrs et positifs respectent les multiples façons de savoir et d’être, reconnaissent les proches comme les premiers enseignants de l’apprenant, et sont inclusifs et protecteurs des droits de l’apprenant. La création d’environnements d’apprentissage positifs nécessite d’honorer les relations découlant des traités, de nourrir le sentiment d’appartenance et de célébrer les langues parlées à la maison, les cultures et les identités.</p>
</div>

<div class="g-container">
<h4 class="wp-block-heading">Éléments </h4>
</div>

<div class="g-container">
<p>Les espaces d’apprentissage sûrs et positifs sont inclusifs et respectueux des droits de la personne. Il faut soutenir la diversité et lutter contre la discrimination (réelle ou perçue), fondée sur la race, la couleur, la religion, l’origine nationale ou ethnique, l’ascendance, le lieu d’origine, le groupe linguistique, le handicap, le sexe, l’orientation sexuelle, l’identité de genre, l’âge, la condition sociale ou les croyances ou activités politiques.</p>
</div>

<div class="g-container">
<p>Des milieux d’apprentissage sûrs et positifs offrent un sentiment de calme et de respect dans tous les espaces liés à l’école, y compris les terrains de l’école, les autobus scolaires, les événements parrainés par l’école, les environnements en ligne, et la correspondance écrite, et chaque fois que l’école est responsable d’un élève ou qu’une personne agit en son nom ou représente l’école.</p>
</div>

<div class="g-container">
<p>Dans des espaces sûrs et positifs, les éducateurs enseignent intentionnellement des programmes qui soutiennent et favorisent un sentiment d’identité, de communauté et de bien-être. Lorsqu’une personne se sent respectée, incluse et écoutée pour ce qu’elle est, elle peut tisser des liens avec les gens et le matériel d’apprentissage, elle sait ce qu’on attend d’elle et elle se sent capable de répondre à ces attentes.</p>
</div>

<div class="g-container">
<h4 class="wp-block-heading">Stratégies</h4>
</div>

<div class="g-container">
<p>Pour créer des espaces d’apprentissage sûrs et positifs&nbsp;:</p>
</div>

<div class="g-container">
<ul class="wp-block-list">
<li>Priorisez l’équité en créant des environnements et des attentes qui soutiennent tous les élèves, les familles et les enseignants.</li>



<li>Accueillez les apprenants chaque jour de façon positive à l’entrée.</li>



<li>Suivez la règle du «&nbsp;5 pour 1&nbsp;»&nbsp;: 5 compliments précis pour chaque énoncé correctif.</li>



<li>Enseignez explicitement les attentes comportementales, offrez une rétroaction précise et mettez régulièrement les procédures en application.</li>



<li>Utilisez des approches formelles et informelles pour apprendre à connaître les apprenants et connaître leurs antécédents d’apprentissage, leur identité culturelle et leurs intérêts.</li>



<li>Aménagez la salle de classe de façon à faciliter l’activité d’enseignement la plus typique.</li>



<li>Créez régulièrement des occasions d’établir des liens positifs et de communiquer avec le personnel, les apprenants et leurs familles.</li>



<li>Établissez un horaire prévisible avec des routines cohérentes et des limites clairement définies qui représentent les dispositions.</li>



<li>Créer conjointement avec les apprenants des attentes claires en matière de comportement en classe et dans d’autres milieux scolaires.</li>
</ul>
</div>

<div class="g-container">
<h4 class="wp-block-heading">Ressources </h4>
</div>

<div class="g-container">
<ul class="wp-block-list">
<li><a href="https://www2.gnb.ca/content/dam/gnb/Departments/ed/pdf/K12/policies-politiques/f/703F.pdf">Politique&nbsp;703&nbsp;: Milieu propice à l’apprentissage et au travail</a></li>



<li><a href="https://www.youtube.com/watch?v=7wm07ilDvMY">Growing Together: Integrated Solutions for Creating Inclusive Schools in New Brunswick</a> (en anglais)</li>



<li><a href="https://www.gnb.ca/content/dam/GNB3/org/eecd-edpe/doc/positive-behaviour-interventions-and-supports.pdf">Positive Behaviour Interventions and Supports Implementation Guide</a> (en anglais)</li>



<li><a href="https://www.neilsquire.ca/">Neil Squire Society</a> (en anglais)</li>



<li><a href="https://www2.gnb.ca/content/dam/gnb/Departments/ed/pdf/K12/curric/English-AdditionalLanguage/TEALinNB-Guide.pdf">Teaching English as an Additional Language in New Brunswick</a> (en anglais)</li>



<li><a href="https://can01.safelinks.protection.outlook.com/?url=https%3A%2F%2Fyoutu.be%2FMwM7kYUGUzA&amp;data=05%7C01%7CKate.Charette%40gnb.ca%7C9a557f2a844844f0019608db0ea2149a%7Ce08b7eefb5014a679ed007e38bfccee7%7C0%7C0%7C638119862140406096%7CUnknown%7CTWFpbGZsb3d8eyJWIjoiMC4wLjAwMDAiLCJQIjoiV2luMzIiLCJBTiI6Ik1haWwiLCJXVCI6Mn0%3D%7C3000%7C%7C%7C&amp;sdata=yrX2MybqnrUTAjL4FnKVL7uuh42idJm3YIgI0r4%2FSDI%3D&amp;reserved=0">Competencies for Teaching in Multicultural Classrooms</a> (en anglais)</li>



<li><a href="https://cmha.ca/fr/">Association canadienne pour la santé mentale</a></li>



<li><a href="https://world-of-wisdom.ca/">World of Wisdom: Fostering Indigenous Perspectives in Learning</a> (en anglais)</li>



<li><a href="https://www2.gnb.ca/content/gnb/en/departments/education/k12/content/office-of-first-nation-education.html">Bureau d’éducation des Premières Nations</a> (en anglais)</li>
</ul>
</div></div>
</div>
</div></div>
</div>
</div></div>
</div>
</div>

<p>Espaces d’apprentissage sûrs et positifs Aperçu Les environnements d’apprentissage sûrs et positifs respectent les multiples façons de savoir et d’être, reconnaissent les proches comme les premiers enseignants de l’apprenant, et sont inclusifs et protecteurs des droits de l’apprenant. La création d’environnements d’apprentissage positifs nécessite d’honorer les relations découlant des traités, de nourrir le sentiment d’appartenance [&hellip;]</p>
