{"id":225,"date":"2023-03-16T09:15:23","date_gmt":"2023-03-16T09:15:23","guid":{"rendered":"http:\/\/SITEURL\/learning-areas\/"},"modified":"2024-06-07T14:20:49","modified_gmt":"2024-06-07T14:20:49","slug":"domaines-dapprentissage","status":"publish","type":"page","link":"https:\/\/curriculum.nbed.ca\/fr\/domaines-dapprentissage\/","title":{"rendered":"Domaines d&rsquo;apprentissage"},"content":{"rendered":"<div class=\"g-container\">\n<p class=\"has-text-align-right\">\u2794 <a href=\"https:\/\/curriculum.nbed.ca\/fr\/cadre-du-programme-detudes\/nos-enseignements-concepts-et-aptitudes-dans-les-domaines-dapprentissage\/\">Explorer la conception des domaines d&rsquo;apprentissage<\/a><\/p>\n<\/div>\n\n<div class=\"g-container\">\n<p>Le curriculum est divis\u00e9 en cinq blocs de programme\u202f: petite enfance, primaire, \u00e9l\u00e9mentaire, interm\u00e9diaire, secondaire. Les blocs s\u2019articulent autour d\u2019une image de l\u2019apprenant \u00e0 des groupes d\u2019\u00e2ge particuliers et visent \u00e0 faciliter la compr\u00e9hension des transitions g\u00e9n\u00e9rales qui se produisent \u00e0 mesure que les apprenants acqui\u00e8rent de l\u2019exp\u00e9rience et de la maturit\u00e9.<br><br>Dans un syst\u00e8me inclusif, les apprenants demeurent au sein de leur groupe social et apprennent dans des contextes qui tiennent compte de leur degr\u00e9 croissant d\u2019exp\u00e9rience de vie. Ils acqui\u00e8rent et mettent en pratique des aptitudes l\u00e0 o\u00f9 ils se trouvent et font partie d\u2019une communaut\u00e9 d\u2019apprentissage qui repr\u00e9sente un tissu social dans lequel la variabilit\u00e9 est valoris\u00e9e comme une force.<\/p>\n<\/div>\n\n<div class=\"g-container\">\n<p>Chaque bloc de programme est suivi par les descripteurs des domaines d\u2019apprentissage, qui expliquent pourquoi ce domaine est important pour&nbsp;l\u2019apprenant. Chaque descripteur d\u00e9crit les contextes et les concepts qui seront explor\u00e9s, par le biais du programme d\u2019\u00e9tudes en vigueur, dans chaque domaine \u00e0 ce stade du d\u00e9veloppement de l\u2019apprenant.<\/p>\n<\/div>","protected":false},"excerpt":{"rendered":"<p>\u2794 Explorer la conception des domaines d&rsquo;apprentissage Le curriculum est divis\u00e9 en cinq blocs de programme\u202f: petite enfance, primaire, \u00e9l\u00e9mentaire, interm\u00e9diaire, secondaire. Les blocs s\u2019articulent autour d\u2019une image de l\u2019apprenant \u00e0 des groupes d\u2019\u00e2ge particuliers et visent \u00e0 faciliter la compr\u00e9hension des transitions g\u00e9n\u00e9rales qui se produisent \u00e0 mesure que les apprenants acqui\u00e8rent de l\u2019exp\u00e9rience [&hellip;]<\/p>\n","protected":false},"author":6,"featured_media":2457,"parent":0,"menu_order":0,"comment_status":"closed","ping_status":"closed","template":"pages\/template-learning-areas.php","meta":{"_acf_changed":false,"footnotes":""},"class_list":["post-225","page","type-page","status-publish","has-post-thumbnail","hentry"],"acf":[],"_links":{"self":[{"href":"https:\/\/curriculum.nbed.ca\/fr\/wp-json\/wp\/v2\/pages\/225","targetHints":{"allow":["GET"]}}],"collection":[{"href":"https:\/\/curriculum.nbed.ca\/fr\/wp-json\/wp\/v2\/pages"}],"about":[{"href":"https:\/\/curriculum.nbed.ca\/fr\/wp-json\/wp\/v2\/types\/page"}],"author":[{"embeddable":true,"href":"https:\/\/curriculum.nbed.ca\/fr\/wp-json\/wp\/v2\/users\/6"}],"replies":[{"embeddable":true,"href":"https:\/\/curriculum.nbed.ca\/fr\/wp-json\/wp\/v2\/comments?post=225"}],"version-history":[{"count":9,"href":"https:\/\/curriculum.nbed.ca\/fr\/wp-json\/wp\/v2\/pages\/225\/revisions"}],"predecessor-version":[{"id":8254,"href":"https:\/\/curriculum.nbed.ca\/fr\/wp-json\/wp\/v2\/pages\/225\/revisions\/8254"}],"wp:featuredmedia":[{"embeddable":true,"href":"https:\/\/curriculum.nbed.ca\/fr\/wp-json\/wp\/v2\/media\/2457"}],"wp:attachment":[{"href":"https:\/\/curriculum.nbed.ca\/fr\/wp-json\/wp\/v2\/media?parent=225"}],"curies":[{"name":"wp","href":"https:\/\/api.w.org\/{rel}","templated":true}]}}

<div class="g-container">
<p class="has-text-align-right">➔ <a href="https://curriculum.nbed.ca/fr/cadre-du-programme-detudes/nos-enseignements-concepts-et-aptitudes-dans-les-domaines-dapprentissage/">Explorer la conception des domaines d&rsquo;apprentissage</a></p>
</div>

<div class="g-container">
<p>Le curriculum est divisé en cinq blocs de programme : petite enfance, primaire, élémentaire, intermédiaire, secondaire. Les blocs s’articulent autour d’une image de l’apprenant à des groupes d’âge particuliers et visent à faciliter la compréhension des transitions générales qui se produisent à mesure que les apprenants acquièrent de l’expérience et de la maturité.<br><br>Dans un système inclusif, les apprenants demeurent au sein de leur groupe social et apprennent dans des contextes qui tiennent compte de leur degré croissant d’expérience de vie. Ils acquièrent et mettent en pratique des aptitudes là où ils se trouvent et font partie d’une communauté d’apprentissage qui représente un tissu social dans lequel la variabilité est valorisée comme une force.</p>
</div>

<div class="g-container">
<p>Chaque bloc de programme est suivi par les descripteurs des domaines d’apprentissage, qui expliquent pourquoi ce domaine est important pour&nbsp;l’apprenant. Chaque descripteur décrit les contextes et les concepts qui seront explorés, par le biais du programme d’études en vigueur, dans chaque domaine à ce stade du développement de l’apprenant.</p>
</div>

<p>➔ Explorer la conception des domaines d&rsquo;apprentissage Le curriculum est divisé en cinq blocs de programme : petite enfance, primaire, élémentaire, intermédiaire, secondaire. Les blocs s’articulent autour d’une image de l’apprenant à des groupes d’âge particuliers et visent à faciliter la compréhension des transitions générales qui se produisent à mesure que les apprenants acquièrent de l’expérience [&hellip;]</p>
