{"id":2026,"date":"2023-04-25T14:06:01","date_gmt":"2023-04-25T14:06:01","guid":{"rendered":"https:\/\/curriculum.nbed.ca\/cadre-du-programme-detudes\/what-we-teach-dispositions\/"},"modified":"2023-05-30T15:33:15","modified_gmt":"2023-05-30T15:33:15","slug":"nos-enseignements-attitudes","status":"publish","type":"page","link":"https:\/\/curriculum.nbed.ca\/fr\/cadre-du-programme-detudes\/nos-enseignements-attitudes\/","title":{"rendered":"Nos Enseignements\u00a0: Attitudes"},"content":{"rendered":"<div class=\"g-container\">\n<div class=\"wp-block-columns block-framework cf-style-3 is-layout-flex wp-container-core-columns-is-layout-9d6595d7 wp-block-columns-is-layout-flex\">\n<div class=\"wp-block-column is-layout-flow wp-block-column-is-layout-flow\"><div class=\"g-container\">\n<div class=\"wp-block-columns block-header is-layout-flex wp-container-core-columns-is-layout-9d6595d7 wp-block-columns-is-layout-flex\">\n<div class=\"wp-block-column is-layout-flow wp-block-column-is-layout-flow\"><div class=\"g-container\">\n<h3 class=\"wp-block-heading has-text-align-left\">ATTITUDES<\/h3>\n<\/div><\/div>\n<\/div>\n<\/div>\n\n<div class=\"g-container\">\n<div class=\"wp-block-columns block-main is-layout-flex wp-container-core-columns-is-layout-9d6595d7 wp-block-columns-is-layout-flex\">\n<div class=\"wp-block-column is-layout-flow wp-block-column-is-layout-flow\"><div class=\"g-container\">\n<div class=\"wp-block-columns is-layout-flex wp-container-core-columns-is-layout-9d6595d7 wp-block-columns-is-layout-flex\">\n<div class=\"wp-block-column is-layout-flow wp-block-column-is-layout-flow\" style=\"flex-basis:48%\"><div class=\"g-container\">\n<p>Les attitudes font partie du curriculum v\u00e9cu. Elles sont acquises et renforc\u00e9es par l\u2019encouragement, la d\u00e9monstration et la participation dans un environnement favorable et sain.<\/p>\n<\/div>\n\n<div class=\"g-container\">\n<p>Les attitudes s\u2019expriment par des pens\u00e9es et des actions. Elles repr\u00e9sentent ce qui est important ou souhaitable dans le caract\u00e8re d\u2019une personne, qu\u2019elle soit jeune ou \u00e2g\u00e9e. Chaque d\u00e9cision relative au programme et chaque interaction qui a lieu dans une \u00e9cole refl\u00e8te les attitudes des personnes concern\u00e9es et, par cons\u00e9quent, les valeurs de l\u2019\u00e9tablissement. En poss\u00e9dant et en affichant les attitudes \u00e9num\u00e9r\u00e9es dans la liste ci-dessous, on favorise la coh\u00e9sion sociale et on renforce le tissu social.<\/p>\n<\/div>\n\n<div class=\"g-container\">\n<p><strong>ACCUEILLIR<\/strong> en faisant preuve d\u2019hospitalit\u00e9 et d\u2019ouverture.<\/p>\n<\/div>\n\n<div class=\"g-container\">\n<p><strong>CROIRE<\/strong> en soi, en la valeur de l\u2019apprentissage et en ce qui est possible.<\/p>\n<\/div>\n\n<div class=\"g-container\">\n<p><strong>\u00caTRE PR\u00c9SENT<\/strong> en faisant preuve de curiosit\u00e9 et de r\u00e9flexion.<\/p>\n<\/div>\n\n<div class=\"g-container\">\n<p><strong>FAIRE PREUVE DE COURAGE<\/strong> pour donner le meilleur de soi, faire des erreurs, pardonner et penser diff\u00e9remment.<\/p>\n<\/div>\n\n<div class=\"g-container\">\n<p><strong>\u00caTRE RECONNAISSANT<\/strong> en faisant preuve de respect, de patience et de g\u00e9n\u00e9rosit\u00e9.<\/p>\n<\/div><\/div>\n\n\n\n<div class=\"wp-block-column is-layout-flow wp-block-column-is-layout-flow\" style=\"flex-basis:44.8%\"><div class=\"g-container\">\n<figure class=\"wp-block-image size-full\"><img loading=\"lazy\" decoding=\"async\" width=\"491\" height=\"491\" src=\"https:\/\/curriculum.nbed.ca\/wp-content\/uploads\/2023\/05\/dispositions-community-fr.png\" alt=\"\" class=\"wp-image-2908\" srcset=\"https:\/\/curriculum.nbed.ca\/wp-content\/uploads\/2023\/05\/dispositions-community-fr.png 491w, https:\/\/curriculum.nbed.ca\/wp-content\/uploads\/2023\/05\/dispositions-community-fr-300x300.png 300w, https:\/\/curriculum.nbed.ca\/wp-content\/uploads\/2023\/05\/dispositions-community-fr-150x150.png 150w, https:\/\/curriculum.nbed.ca\/wp-content\/uploads\/2023\/05\/dispositions-community-fr-50x50.png 50w\" sizes=\"auto, (max-width: 491px) 100vw, 491px\" \/><\/figure>\n<\/div><\/div>\n<\/div>\n<\/div><\/div>\n<\/div>\n<\/div><\/div>\n<\/div>\n<\/div>","protected":false},"excerpt":{"rendered":"<p>ATTITUDES Les attitudes font partie du curriculum v\u00e9cu. Elles sont acquises et renforc\u00e9es par l\u2019encouragement, la d\u00e9monstration et la participation dans un environnement favorable et sain. Les attitudes s\u2019expriment par des pens\u00e9es et des actions. Elles repr\u00e9sentent ce qui est important ou souhaitable dans le caract\u00e8re d\u2019une personne, qu\u2019elle soit jeune ou \u00e2g\u00e9e. Chaque d\u00e9cision [&hellip;]<\/p>\n","protected":false},"author":6,"featured_media":0,"parent":229,"menu_order":0,"comment_status":"closed","ping_status":"closed","template":"","meta":{"_acf_changed":false,"footnotes":""},"class_list":["post-2026","page","type-page","status-publish","hentry"],"acf":[],"_links":{"self":[{"href":"https:\/\/curriculum.nbed.ca\/fr\/wp-json\/wp\/v2\/pages\/2026","targetHints":{"allow":["GET"]}}],"collection":[{"href":"https:\/\/curriculum.nbed.ca\/fr\/wp-json\/wp\/v2\/pages"}],"about":[{"href":"https:\/\/curriculum.nbed.ca\/fr\/wp-json\/wp\/v2\/types\/page"}],"author":[{"embeddable":true,"href":"https:\/\/curriculum.nbed.ca\/fr\/wp-json\/wp\/v2\/users\/6"}],"replies":[{"embeddable":true,"href":"https:\/\/curriculum.nbed.ca\/fr\/wp-json\/wp\/v2\/comments?post=2026"}],"version-history":[{"count":9,"href":"https:\/\/curriculum.nbed.ca\/fr\/wp-json\/wp\/v2\/pages\/2026\/revisions"}],"predecessor-version":[{"id":3152,"href":"https:\/\/curriculum.nbed.ca\/fr\/wp-json\/wp\/v2\/pages\/2026\/revisions\/3152"}],"up":[{"embeddable":true,"href":"https:\/\/curriculum.nbed.ca\/fr\/wp-json\/wp\/v2\/pages\/229"}],"wp:attachment":[{"href":"https:\/\/curriculum.nbed.ca\/fr\/wp-json\/wp\/v2\/media?parent=2026"}],"curies":[{"name":"wp","href":"https:\/\/api.w.org\/{rel}","templated":true}]}}

<div class="g-container">
<div class="wp-block-columns block-framework cf-style-3 is-layout-flex wp-container-core-columns-is-layout-9d6595d7 wp-block-columns-is-layout-flex">
<div class="wp-block-column is-layout-flow wp-block-column-is-layout-flow"><div class="g-container">
<div class="wp-block-columns block-header is-layout-flex wp-container-core-columns-is-layout-9d6595d7 wp-block-columns-is-layout-flex">
<div class="wp-block-column is-layout-flow wp-block-column-is-layout-flow"><div class="g-container">
<h3 class="wp-block-heading has-text-align-left">ATTITUDES</h3>
</div></div>
</div>
</div>

<div class="g-container">
<div class="wp-block-columns block-main is-layout-flex wp-container-core-columns-is-layout-9d6595d7 wp-block-columns-is-layout-flex">
<div class="wp-block-column is-layout-flow wp-block-column-is-layout-flow"><div class="g-container">
<div class="wp-block-columns is-layout-flex wp-container-core-columns-is-layout-9d6595d7 wp-block-columns-is-layout-flex">
<div class="wp-block-column is-layout-flow wp-block-column-is-layout-flow" style="flex-basis:48%"><div class="g-container">
<p>Les attitudes font partie du curriculum vécu. Elles sont acquises et renforcées par l’encouragement, la démonstration et la participation dans un environnement favorable et sain.</p>
</div>

<div class="g-container">
<p>Les attitudes s’expriment par des pensées et des actions. Elles représentent ce qui est important ou souhaitable dans le caractère d’une personne, qu’elle soit jeune ou âgée. Chaque décision relative au programme et chaque interaction qui a lieu dans une école reflète les attitudes des personnes concernées et, par conséquent, les valeurs de l’établissement. En possédant et en affichant les attitudes énumérées dans la liste ci-dessous, on favorise la cohésion sociale et on renforce le tissu social.</p>
</div>

<div class="g-container">
<p><strong>ACCUEILLIR</strong> en faisant preuve d’hospitalité et d’ouverture.</p>
</div>

<div class="g-container">
<p><strong>CROIRE</strong> en soi, en la valeur de l’apprentissage et en ce qui est possible.</p>
</div>

<div class="g-container">
<p><strong>ÊTRE PRÉSENT</strong> en faisant preuve de curiosité et de réflexion.</p>
</div>

<div class="g-container">
<p><strong>FAIRE PREUVE DE COURAGE</strong> pour donner le meilleur de soi, faire des erreurs, pardonner et penser différemment.</p>
</div>

<div class="g-container">
<p><strong>ÊTRE RECONNAISSANT</strong> en faisant preuve de respect, de patience et de générosité.</p>
</div></div>



<div class="wp-block-column is-layout-flow wp-block-column-is-layout-flow" style="flex-basis:44.8%"><div class="g-container">
<figure class="wp-block-image size-full"><img loading="lazy" decoding="async" width="491" height="491" src="https://curriculum.nbed.ca/wp-content/uploads/2023/05/dispositions-community-fr.png" alt="" class="wp-image-2908" srcset="https://curriculum.nbed.ca/wp-content/uploads/2023/05/dispositions-community-fr.png 491w, https://curriculum.nbed.ca/wp-content/uploads/2023/05/dispositions-community-fr-300x300.png 300w, https://curriculum.nbed.ca/wp-content/uploads/2023/05/dispositions-community-fr-150x150.png 150w, https://curriculum.nbed.ca/wp-content/uploads/2023/05/dispositions-community-fr-50x50.png 50w" sizes="auto, (max-width: 491px) 100vw, 491px" /></figure>
</div></div>
</div>
</div></div>
</div>
</div></div>
</div>
</div>

<p>ATTITUDES Les attitudes font partie du curriculum vécu. Elles sont acquises et renforcées par l’encouragement, la démonstration et la participation dans un environnement favorable et sain. Les attitudes s’expriment par des pensées et des actions. Elles représentent ce qui est important ou souhaitable dans le caractère d’une personne, qu’elle soit jeune ou âgée. Chaque décision [&hellip;]</p>
