{"id":2019,"date":"2023-04-25T14:01:22","date_gmt":"2023-04-25T14:01:22","guid":{"rendered":"https:\/\/curriculum.nbed.ca\/cadre-du-programme-detudes\/how-we-teach-program-blocks\/"},"modified":"2024-06-07T14:21:40","modified_gmt":"2024-06-07T14:21:40","slug":"notre-facon-denseigner-blocs-de-programme","status":"publish","type":"page","link":"https:\/\/curriculum.nbed.ca\/fr\/cadre-du-programme-detudes\/notre-facon-denseigner-blocs-de-programme\/","title":{"rendered":"Notre fa\u00e7on d\u2019enseigner\u00a0: Blocs de programme"},"content":{"rendered":"<div class=\"g-container\">\n<div class=\"wp-block-columns block-framework cf-style-2 is-layout-flex wp-container-core-columns-is-layout-9d6595d7 wp-block-columns-is-layout-flex\">\n<div class=\"wp-block-column is-layout-flow wp-block-column-is-layout-flow\"><div class=\"g-container\">\n<div class=\"wp-block-columns block-header is-layout-flex wp-container-core-columns-is-layout-9d6595d7 wp-block-columns-is-layout-flex\">\n<div class=\"wp-block-column is-layout-flow wp-block-column-is-layout-flow\"><div class=\"g-container\">\n<h3 class=\"wp-block-heading has-text-align-left\">BLOCS DE pROGRAMME<\/h3>\n<\/div><\/div>\n<\/div>\n<\/div>\n\n<div class=\"g-container\">\n<div class=\"wp-block-columns block-main is-layout-flex wp-container-core-columns-is-layout-9d6595d7 wp-block-columns-is-layout-flex\">\n<div class=\"wp-block-column is-layout-flow wp-block-column-is-layout-flow\"><div class=\"g-container\">\n<p>Le curriculum est divis\u00e9 en cinq blocs de programme\u202f: petite enfance, primaire, \u00e9l\u00e9mentaire, interm\u00e9diaire, secondaire. Les blocs s\u2019articulent autour d\u2019une image de l\u2019apprenant \u00e0 des groupes d\u2019\u00e2ge particuliers et visent \u00e0 faciliter la compr\u00e9hension des transitions g\u00e9n\u00e9rales qui se produisent \u00e0 mesure que les apprenants acqui\u00e8rent de l\u2019exp\u00e9rience et de la maturit\u00e9.<br><br>Dans un syst\u00e8me inclusif, les apprenants demeurent au sein de leur groupe social et apprennent dans des contextes qui tiennent compte de leur degr\u00e9 croissant d\u2019exp\u00e9rience de vie. Ils acqui\u00e8rent et mettent en pratique des aptitudes l\u00e0 o\u00f9 ils se trouvent et font partie d\u2019une communaut\u00e9 d\u2019apprentissage qui repr\u00e9sente un tissu social dans lequel la variabilit\u00e9 est valoris\u00e9e comme une force.<\/p>\n<\/div>\n\n<div class=\"g-container\">\n<p><\/p>\n<\/div>\n\n<div class=\"g-container\">\n<div class=\"wp-block-columns is-not-stacked-on-mobile row-graphic is-layout-flex wp-container-core-columns-is-layout-9d6595d7 wp-block-columns-is-layout-flex\">\n<div class=\"wp-block-column is-layout-flow wp-block-column-is-layout-flow\" style=\"flex-basis:20%\"><div class=\"g-container\">\n<figure class=\"wp-block-image size-large\"><a href=\"https:\/\/curriculum.nbed.ca\/fr\/domaines-dapprentissage\/petite-enfance\/\"><img loading=\"lazy\" decoding=\"async\" width=\"202\" height=\"170\" src=\"https:\/\/curriculum.nbed.ca\/wp-content\/uploads\/2023\/05\/program-block1fr.svg\" alt=\"\" class=\"wp-image-2585\"\/><\/a><\/figure>\n<\/div><\/div>\n\n\n\n<div class=\"wp-block-column is-layout-flow wp-block-column-is-layout-flow\" style=\"flex-basis:20%\"><div class=\"g-container\">\n<figure class=\"wp-block-image size-large\"><a href=\"https:\/\/curriculum.nbed.ca\/fr\/domaines-dapprentissage\/primaire\/\"><img loading=\"lazy\" decoding=\"async\" width=\"202\" height=\"170\" src=\"https:\/\/curriculum.nbed.ca\/wp-content\/uploads\/2023\/05\/program-block2fr.svg\" alt=\"\" class=\"wp-image-2587\"\/><\/a><\/figure>\n<\/div><\/div>\n\n\n\n<div class=\"wp-block-column is-layout-flow wp-block-column-is-layout-flow\" style=\"flex-basis:20%\"><div class=\"g-container\">\n<figure class=\"wp-block-image size-large\"><a href=\"https:\/\/curriculum.nbed.ca\/fr\/domaines-dapprentissage\/elementaire\/\"><img loading=\"lazy\" decoding=\"async\" width=\"202\" height=\"170\" src=\"https:\/\/curriculum.nbed.ca\/wp-content\/uploads\/2023\/05\/program-block3fr.svg\" alt=\"\" class=\"wp-image-2589\"\/><\/a><\/figure>\n<\/div><\/div>\n\n\n\n<div class=\"wp-block-column is-layout-flow wp-block-column-is-layout-flow\" style=\"flex-basis:20%\"><div class=\"g-container\">\n<figure class=\"wp-block-image size-large\"><a href=\"https:\/\/curriculum.nbed.ca\/fr\/domaines-dapprentissage\/intermediaire\/\"><img loading=\"lazy\" decoding=\"async\" width=\"202\" height=\"170\" src=\"https:\/\/curriculum.nbed.ca\/wp-content\/uploads\/2023\/05\/program-block4fr.svg\" alt=\"\" class=\"wp-image-2591\"\/><\/a><\/figure>\n<\/div><\/div>\n\n\n\n<div class=\"wp-block-column is-layout-flow wp-block-column-is-layout-flow\" style=\"flex-basis:18%\"><div class=\"g-container\">\n<figure class=\"wp-block-image size-large\"><a href=\"https:\/\/curriculum.nbed.ca\/fr\/domaines-dapprentissage\/secondaire\/\"><img loading=\"lazy\" decoding=\"async\" width=\"181\" height=\"161\" src=\"https:\/\/curriculum.nbed.ca\/wp-content\/uploads\/2023\/05\/program-block5fr.svg\" alt=\"\" class=\"wp-image-2593\"\/><\/a><\/figure>\n<\/div><\/div>\n<\/div>\n<\/div>\n\n<div class=\"g-container\">\n<p>Chaque bloc de programme est suivi par les descripteurs des domaines d&rsquo;apprentissage, qui expliquent pourquoi ce domaine est important pour&nbsp;l\u2019apprenant. Chaque descripteur d\u00e9crit les contextes et les concepts qui seront explor\u00e9s, par le biais du programme d\u2019\u00e9tudes en vigueur, dans chaque domaine \u00e0 ce stade du d\u00e9veloppement de l\u2019apprenant.<br><br>Dans la section intitul\u00e9e <a href=\"https:\/\/curriculum.nbed.ca\/fr\/cadre-du-programme-detudes\/nos-enseignements-concepts-et-aptitudes-dans-les-domaines-dapprentissage\/\"><strong>Nos enseignements<\/strong>&nbsp;: <strong>domaines d\u2019apprentissage<\/strong><\/a>, les contextes, les concepts et les aptitudes sont organis\u00e9s en blocs de programme. Dans un syst\u00e8me inclusif, les apprenants demeurent dans leur groupe d\u2019\u00e2ge social, quel que soit leur niveau de comp\u00e9tence, et les blocs de programme facilitent cette d\u00e9marche.<\/p>\n<\/div><\/div>\n<\/div>\n<\/div><\/div>\n<\/div>\n<\/div>","protected":false},"excerpt":{"rendered":"<p>BLOCS DE pROGRAMME Le curriculum est divis\u00e9 en cinq blocs de programme\u202f: petite enfance, primaire, \u00e9l\u00e9mentaire, interm\u00e9diaire, secondaire. Les blocs s\u2019articulent autour d\u2019une image de l\u2019apprenant \u00e0 des groupes d\u2019\u00e2ge particuliers et visent \u00e0 faciliter la compr\u00e9hension des transitions g\u00e9n\u00e9rales qui se produisent \u00e0 mesure que les apprenants acqui\u00e8rent de l\u2019exp\u00e9rience et de la maturit\u00e9. [&hellip;]<\/p>\n","protected":false},"author":6,"featured_media":0,"parent":229,"menu_order":0,"comment_status":"closed","ping_status":"closed","template":"","meta":{"_acf_changed":false,"footnotes":""},"class_list":["post-2019","page","type-page","status-publish","hentry"],"acf":[],"_links":{"self":[{"href":"https:\/\/curriculum.nbed.ca\/fr\/wp-json\/wp\/v2\/pages\/2019","targetHints":{"allow":["GET"]}}],"collection":[{"href":"https:\/\/curriculum.nbed.ca\/fr\/wp-json\/wp\/v2\/pages"}],"about":[{"href":"https:\/\/curriculum.nbed.ca\/fr\/wp-json\/wp\/v2\/types\/page"}],"author":[{"embeddable":true,"href":"https:\/\/curriculum.nbed.ca\/fr\/wp-json\/wp\/v2\/users\/6"}],"replies":[{"embeddable":true,"href":"https:\/\/curriculum.nbed.ca\/fr\/wp-json\/wp\/v2\/comments?post=2019"}],"version-history":[{"count":11,"href":"https:\/\/curriculum.nbed.ca\/fr\/wp-json\/wp\/v2\/pages\/2019\/revisions"}],"predecessor-version":[{"id":8255,"href":"https:\/\/curriculum.nbed.ca\/fr\/wp-json\/wp\/v2\/pages\/2019\/revisions\/8255"}],"up":[{"embeddable":true,"href":"https:\/\/curriculum.nbed.ca\/fr\/wp-json\/wp\/v2\/pages\/229"}],"wp:attachment":[{"href":"https:\/\/curriculum.nbed.ca\/fr\/wp-json\/wp\/v2\/media?parent=2019"}],"curies":[{"name":"wp","href":"https:\/\/api.w.org\/{rel}","templated":true}]}}

Notre façon d’enseigner : Blocs de programme

<div class="g-container">
<div class="wp-block-columns block-framework cf-style-2 is-layout-flex wp-container-core-columns-is-layout-9d6595d7 wp-block-columns-is-layout-flex">
<div class="wp-block-column is-layout-flow wp-block-column-is-layout-flow"><div class="g-container">
<div class="wp-block-columns block-header is-layout-flex wp-container-core-columns-is-layout-9d6595d7 wp-block-columns-is-layout-flex">
<div class="wp-block-column is-layout-flow wp-block-column-is-layout-flow"><div class="g-container">
<h3 class="wp-block-heading has-text-align-left">BLOCS DE pROGRAMME</h3>
</div></div>
</div>
</div>

<div class="g-container">
<div class="wp-block-columns block-main is-layout-flex wp-container-core-columns-is-layout-9d6595d7 wp-block-columns-is-layout-flex">
<div class="wp-block-column is-layout-flow wp-block-column-is-layout-flow"><div class="g-container">
<p>Le curriculum est divisé en cinq blocs de programme : petite enfance, primaire, élémentaire, intermédiaire, secondaire. Les blocs s’articulent autour d’une image de l’apprenant à des groupes d’âge particuliers et visent à faciliter la compréhension des transitions générales qui se produisent à mesure que les apprenants acquièrent de l’expérience et de la maturité.<br><br>Dans un système inclusif, les apprenants demeurent au sein de leur groupe social et apprennent dans des contextes qui tiennent compte de leur degré croissant d’expérience de vie. Ils acquièrent et mettent en pratique des aptitudes là où ils se trouvent et font partie d’une communauté d’apprentissage qui représente un tissu social dans lequel la variabilité est valorisée comme une force.</p>
</div>

<div class="g-container">
<p></p>
</div>

<div class="g-container">
<div class="wp-block-columns is-not-stacked-on-mobile row-graphic is-layout-flex wp-container-core-columns-is-layout-9d6595d7 wp-block-columns-is-layout-flex">
<div class="wp-block-column is-layout-flow wp-block-column-is-layout-flow" style="flex-basis:20%"><div class="g-container">
<figure class="wp-block-image size-large"><a href="https://curriculum.nbed.ca/fr/domaines-dapprentissage/petite-enfance/"><img loading="lazy" decoding="async" width="202" height="170" src="https://curriculum.nbed.ca/wp-content/uploads/2023/05/program-block1fr.svg" alt="" class="wp-image-2585"/></a></figure>
</div></div>



<div class="wp-block-column is-layout-flow wp-block-column-is-layout-flow" style="flex-basis:20%"><div class="g-container">
<figure class="wp-block-image size-large"><a href="https://curriculum.nbed.ca/fr/domaines-dapprentissage/primaire/"><img loading="lazy" decoding="async" width="202" height="170" src="https://curriculum.nbed.ca/wp-content/uploads/2023/05/program-block2fr.svg" alt="" class="wp-image-2587"/></a></figure>
</div></div>



<div class="wp-block-column is-layout-flow wp-block-column-is-layout-flow" style="flex-basis:20%"><div class="g-container">
<figure class="wp-block-image size-large"><a href="https://curriculum.nbed.ca/fr/domaines-dapprentissage/elementaire/"><img loading="lazy" decoding="async" width="202" height="170" src="https://curriculum.nbed.ca/wp-content/uploads/2023/05/program-block3fr.svg" alt="" class="wp-image-2589"/></a></figure>
</div></div>



<div class="wp-block-column is-layout-flow wp-block-column-is-layout-flow" style="flex-basis:20%"><div class="g-container">
<figure class="wp-block-image size-large"><a href="https://curriculum.nbed.ca/fr/domaines-dapprentissage/intermediaire/"><img loading="lazy" decoding="async" width="202" height="170" src="https://curriculum.nbed.ca/wp-content/uploads/2023/05/program-block4fr.svg" alt="" class="wp-image-2591"/></a></figure>
</div></div>



<div class="wp-block-column is-layout-flow wp-block-column-is-layout-flow" style="flex-basis:18%"><div class="g-container">
<figure class="wp-block-image size-large"><a href="https://curriculum.nbed.ca/fr/domaines-dapprentissage/secondaire/"><img loading="lazy" decoding="async" width="181" height="161" src="https://curriculum.nbed.ca/wp-content/uploads/2023/05/program-block5fr.svg" alt="" class="wp-image-2593"/></a></figure>
</div></div>
</div>
</div>

<div class="g-container">
<p>Chaque bloc de programme est suivi par les descripteurs des domaines d&rsquo;apprentissage, qui expliquent pourquoi ce domaine est important pour&nbsp;l’apprenant. Chaque descripteur décrit les contextes et les concepts qui seront explorés, par le biais du programme d’études en vigueur, dans chaque domaine à ce stade du développement de l’apprenant.<br><br>Dans la section intitulée <a href="https://curriculum.nbed.ca/fr/cadre-du-programme-detudes/nos-enseignements-concepts-et-aptitudes-dans-les-domaines-dapprentissage/"><strong>Nos enseignements</strong>&nbsp;: <strong>domaines d’apprentissage</strong></a>, les contextes, les concepts et les aptitudes sont organisés en blocs de programme. Dans un système inclusif, les apprenants demeurent dans leur groupe d’âge social, quel que soit leur niveau de compétence, et les blocs de programme facilitent cette démarche.</p>
</div></div>
</div>
</div></div>
</div>
</div>

<p>BLOCS DE pROGRAMME Le curriculum est divisé en cinq blocs de programme : petite enfance, primaire, élémentaire, intermédiaire, secondaire. Les blocs s’articulent autour d’une image de l’apprenant à des groupes d’âge particuliers et visent à faciliter la compréhension des transitions générales qui se produisent à mesure que les apprenants acquièrent de l’expérience et de la maturité. [&hellip;]</p>
